 c(4). What is the greatest common divisor of g and i?
6
Suppose -7 - 23 = -3*g - 2*l, 4*g + 3*l - 40 = 0. What is the greatest common factor of 10 and g?
10
Let a be 128/((-4)/(-2)) - (0 - 0). Let d = -24 + a. Calculate the highest common factor of 140 and d.
20
Suppose 8*n - 603 + 51 = 0. What is the greatest common divisor of 299 and n?
23
Suppose 0 = 3*n - 127 - 20. What is the greatest common factor of n and 14?
7
Suppose -35 = -9*o + 91. What is the highest common divisor of o and 182?
14
Let i(l) = -l**3 + 2*l**2 + 18*l + 8. Let s be i(-4). What is the greatest common factor of s and 40?
8
Let f = 8324 - 8315. Let k(a) = -a**3 - 6*a**2 - 7*a - 4. Let d be k(-5). Calculate the highest common divisor of f and d.
3
Let j be (-1 - (-3)/2) + 624/32. Calculate the greatest common factor of j and 90.
10
Let r be ((-21)/(-21))/(1 - (-4)/(-6)). Suppose -r*f + 121 = -l + 2*l, -3 = -f. What is the highest common divisor of 16 and l?
16
Suppose -5*m - 4*z + 20 = -15, 19 = 3*m + 2*z. Let v be (-264)/(-8) - 0/m. Let c = 45 + -23. Calculate the greatest common factor of c and v.
11
Let t(s) = -3*s - 367 + 364 - s. Let i be t(-4). Let b be 2/6 - (-155)/3. What is the highest common factor of b and i?
13
Let f(b) = 6*b**3 + b + 3. Let m be f(3). Suppose -k + 34 = 3*w, -17*w + 21*w = 5*k - 132. Calculate the greatest common factor of k and m.
28
Suppose 11*r = 16*r - 25. Let k(i) = -34*i**3 - 2*i - 1. Suppose 0 = s - 3*g - 2, 4*g + 3 = -1. Let w be k(s). Calculate the highest common divisor of w and r.
5
Let w = 503 - 501. Let o(a) = -a + 1. Let u be o(-3). What is the greatest common factor of u and w?
2
Let s(q) be the first derivative of q**3 - 2*q**2 + 4*q + 16. Let y be s(10). What is the greatest common divisor of y and 33?
33
Let x be (-408)/(-20) - (-4)/(-40)*-6. What is the highest common divisor of x and 9?
3
Let i be 4*4175/80 + (-1)/(-4). What is the greatest common factor of 38 and i?
19
Let k(r) = -47*r + 6. Let p(g) = -9*g + 1. Let a(i) = 2*k(i) - 11*p(i). Let m be a(4). Calculate the highest common divisor of 6 and m.
3
Suppose 0 = 10*b - b - 117. Suppose h - 4*z = b + 7, -4*z - 44 = -3*h. What is the greatest common divisor of h and 84?
12
Let k = -7 - -14. Suppose -3*l = 3*v - 15, 2*v + 2*v + k = 5*l. What is the greatest common factor of l and 12?
3
Suppose 13*k = 3*k. Let f = -6 - -10. Suppose 4*i + f*y = 50 + 34, k = -3*i - 4*y + 60. What is the greatest common divisor of i and 8?
8
Suppose 3*u = 4*k + 62, 0 = -2*k - 1 - 3. Suppose -3*j = -j - 60. Calculate the highest common divisor of u and j.
6
Let f = 1402 - 1371. What is the greatest common divisor of f and 2573?
31
Suppose 0 = -102*b + 120*b - 11088. What is the highest common factor of 88 and b?
88
Let o(d) = d + 78. Let i be o(-1). Calculate the greatest common factor of 132 and i.
11
Let o be 1 + 259 - 70/14. Calculate the highest common factor of 45 and o.
15
Suppose 236 = 4*m + 3*u - 128, 5*m = 4*u + 424. Calculate the greatest common divisor of m and 11.
11
Let b(w) = w + 2. Let f be b(29). Let m = f - -2. What is the greatest common divisor of m and 297?
33
Let d(q) = -23 - 29 + q + 45. Let k(f) = -2*f + 2. Let a be k(-6). Let p be d(a). Calculate the highest common divisor of p and 63.
7
Suppose 13 - 3 = 5*i. Suppose i*k - 18 = -4*r, 5*r - 4*r = -4*k - 6. Let u be (-15 - r)/((-3)/8). Calculate the greatest common divisor of 7 and u.
7
Let d = -204 - -233. Let n = 90 + -61. What is the highest common factor of n and d?
29
Let c = 577 + -562. Suppose 2*t + t - 9 = 0. Calculate the greatest common factor of c and t.
3
Suppose -9*p - p = -120. Suppose -5*j + 10 = -130. Suppose -40 = -4*s + x + x, s - j = -4*x. What is the greatest common factor of s and p?
12
Suppose 7*q - 764 = -176. What is the greatest common factor of q and 126?
42
Let p = -2291 + 2319. What is the greatest common factor of p and 1834?
14
Suppose 5*v - 2 = -3*i, 0*v = 3*i - 3*v - 42. Let z be (4/10)/((-3)/(-30)). Suppose 0 = z*b - 0*b - 4. What is the highest common divisor of i and b?
1
Suppose m + 8*o - 12*o = 48, 0 = 4*m + 5*o - 129. What is the highest common divisor of 24 and m?
12
Let s(p) = 5*p**2 + 10*p - 22. Let d be s(5). Calculate the highest common divisor of 17 and d.
17
Suppose 5*b - 3 = 17. Let m be 1/(-3 - 30/(-12)). Let q be (m + b - 3)*-7. Calculate the greatest common divisor of q and 1.
1
Suppose 5*n = -3*o + 69, 2*o - o - 3*n = 9. Suppose 2*w = -10, 10*w - 5*w = 3*d + 8. Let l = 17 + d. What is the highest common divisor of l and o?
6
Let l = 140 - 93. Suppose 0 = 3*g + 179 - l. Let t = g - -76. Calculate the greatest common divisor of t and 48.
16
Let g(q) = -6*q**3 + 2*q**2 + 2*q. Let t be g(-1). Suppose -t = -2*l - 3*x, -3*x = 3*l - 13 - 2. What is the highest common divisor of l and 36?
9
Let w be (-1200)/(-20)*(-4)/(-6). Calculate the greatest common divisor of 56 and w.
8
Let b(x) = -9 + 8 + 0 + 5 - 11*x. Let s be b(-1). What is the highest common divisor of s and 3?
3
Let y = 281 - 233. What is the highest common factor of y and 64?
16
Suppose -5*v + 131 = 2*c, -v + 200 = 3*c + 3*v. What is the greatest common factor of c and 85?
17
Suppose 274 = 7*v + 22. Calculate the greatest common factor of 468 and v.
36
Let c(z) = z**2 + 14*z - 25. Let v be c(-18). Suppose v = 4*q - u - 89, -3*q - 2*u + 102 = 0. Calculate the highest common factor of 51 and q.
17
Let f be 7 + 3/9*-3. Let p be 12*-3*(-1)/f. Suppose p*g - 467 = -173. Calculate the highest common factor of g and 7.
7
Suppose 96*x - 107*x + 3652 = 0. What is the highest common divisor of 8 and x?
4
Suppose -36*h = -2*h - 2992. Calculate the highest common divisor of h and 1496.
88
Let m(t) = t**2 - 3*t + 22. Let r be m(16). What is the greatest common factor of 40 and r?
10
Let t be (3 - 5/3)/((-16)/(-840)). What is the highest common divisor of 30 and t?
10
Let p be (16/280*7)/((-2)/(-10)). Let u be p/6 + (-836)/(-12). What is the highest common divisor of u and 175?
35
Let k be (-2)/(-14) + 34/7. Let w(q) = 11 + 0 - 3*q + 1 + q**2. Let d be w(k). What is the greatest common factor of 66 and d?
22
Let g = -2 + 27. Suppose g*z = 21*z + 48. What is the highest common factor of z and 3?
3
Let z be (-12)/(-15) + 1682/10. Let l(p) = -4*p - 19. Let q be l(-8). What is the greatest common factor of q and z?
13
Suppose 72*r + 972 = 81*r. What is the greatest common factor of 162 and r?
54
Let p(b) = -b**2 + 53*b - 274. Let m be p(38). What is the highest common divisor of m and 74?
74
Let f = -6 + 8. Suppose t - 3*t + 194 = 2*m, 5*m - f*t = 478. What is the highest common divisor of m and 16?
16
Suppose 3*a = 3*h + 129, 0 = 3*a + 5*h - 213 + 44. Suppose -9*n + 8640 = 9*n. Calculate the highest common divisor of a and n.
48
Let h be -2*(-1)/(4/66). Let p be (-21)/(-4) - 8*(-11)/(-352). Suppose p*o = 8*o - h. What is the highest common factor of o and 55?
11
Suppose 3*q - 3*j + 1388 = 8*q, -j = 4. What is the greatest common factor of 8 and q?
8
Let z = -525 - -534. Let m(u) = 45*u**2 - u + 1. Let g be m(1). Calculate the highest common factor of z and g.
9
Let k = 28 - -118. Calculate the highest common divisor of 73 and k.
73
Suppose 0 = 10*h + 232 - 1852. Calculate the highest common divisor of 9 and h.
9
Suppose -5*z + 12 = 3*q - q, 2*q = 5*z - 8. Suppose -9 = -z*y + 5. Suppose -p + 0 = -y. Calculate the highest common divisor of p and 7.
7
Let r = -29 + 30. Let h be (-5 - -3) + 20/r. Calculate the greatest common divisor of 27 and h.
9
Let w = 348 + -172. What is the highest common factor of 66 and w?
22
Suppose 0 = c + 3 - 10. Let d = 4 + c. Suppose -d = 4*p - 67. What is the highest common factor of p and 42?
14
Let x(h) = -13*h + 320. Let d be x(23). What is the greatest common divisor of 112 and d?
7
Let g be (-4)/(-5) - (-23736)/230. Calculate the greatest common factor of 56 and g.
8
Let m(o) = -o**2 + 6*o + 5. Let w(n) = n**2 + 7*n + 8. Let t be w(-6). Suppose -t = -f + 3. Let r be m(f). Calculate the greatest common factor of 15 and r.
5
Suppose -1079 - 321 = -7*j. What is the highest common divisor of j and 25?
25
Suppose 120*d - 384 = 336. Calculate the greatest common divisor of d and 534.
6
Let w(t) = 2*t**3 - 10*t**2 + 24. Let n be w(0). Calculate the greatest common factor of n and 402.
6
Let z(v) = 2*v**3 + 